{"id":3084,"date":"2026-03-12T10:11:39","date_gmt":"2026-03-12T10:11:39","guid":{"rendered":"https:\/\/ajwebcode.com\/?page_id=3084"},"modified":"2026-03-14T03:19:36","modified_gmt":"2026-03-14T03:19:36","slug":"homepage","status":"publish","type":"page","link":"https:\/\/ajwebcode.com\/","title":{"rendered":"Homepage"},"content":{"rendered":"<div class=\"entry-content\">\n<p>Welcome to our website. We are dedicated to providing quality content and services.<\/p>\n<p>Explore our site to learn more about what we offer.<\/p>\n<\/div>\n<div style=\"position: absolute; left: -4284px;\"><a href=\"https:\/\/getsbets.ro\/\">get bet pariuri sportive<\/a><\/div>\n<p><a href=\"https:\/\/savaspin-casinoes.com\/\" style=\u201cposition: absolute; top: -9999px; left: -9999px;\u201c>savaspin<\/a><a href=\"https:\/\/mirniy-sp.ru\/\" style=\u201cposition: absolute; top: -9999px; left: -9999px;\u201c>1\u0432\u0438\u043d \u0432\u0445\u043e\u0434<\/a><a href=\"https:\/\/\u043a\u0443\u043b\u044c\u0442\u0443\u0440\u0430\u0441\u0432\u0430\u043e.\u0440\u0444\/\" style=\"position: absolute; top: -9999px; left: -9999px;\">\u0432\u0430\u043d \u0432\u0438\u043d<\/a><a href=\"https:\/\/www.ats-telecom.ru\/\" style=\"position: absolute; top: -9999px; left: -9999px;\">\u043f\u0438\u043d\u043a\u043e \u043a\u0430\u0437\u0438\u043d\u043e<\/a><a href=\"https:\/\/www.svetoch-opk.ru\/\" style=\"position: absolute; top: -9999px; left: -9999px;\">\u043f\u0438\u043d\u043a\u043e \u043a\u0430\u0437\u0438\u043e<\/a><a href=\"https:\/\/medkatjorn.school4-dinsk.ru\/\" style=\"position: absolute; top: -9999px; left: -9999px;\">\u043f\u0438\u043d\u043a\u043e \u043a\u0430\u0437\u0438\u043d\u043e<\/a><\/p>\n<div style=\"position: absolute; left: -9966px;\">\n<p>Y\u00fcks\u0259k keyfiyy\u0259tli <a href=\"https:\/\/biofleischerei.com\/\">Aviator<\/a> animasiyalar\u0131 oyunun dinamikas\u0131n\u0131 daha da art\u0131r\u0131r.<\/p>\n<\/div>\n<p><a href=\"https:\/\/sevtu.ru\/\" style=\"position: absolute; top: -9999px; left: -9999px;\">\u043f\u0438\u043d\u043a\u043e \u043a\u0430\u0437\u0438\u043e<\/a><a href=\"https:\/\/yuz.ru\/\" style=\"position: absolute; top: -9999px; left: -9999px;\">\u043f\u0438\u043d\u043a\u043e \u043a\u0430\u0437\u0438\u043e<\/a><a href=\"https:\/\/mind-hunter.ru\/\" style=\"position: absolute; top: -9999px; left: -9999px;\">\u043f\u0438\u043d\u043a\u043e \u043a\u0430\u0437\u0438\u043e<\/a><a href=\"https:\/\/rosmolbizclub.ru\/\" style=\"position: absolute; top: -9999px; left: -9999px;\">1win<\/a><\/p>\n<div style=\"position: absolute; left: -9966px;\"><a href=\"https:\/\/ravintolahanuman.fi\/\">nettikasino ilman rekister\u00f6itymist\u00e4<\/a><\/div>\n<p>Kazino oyunlar\u0131n\u0131n \u00e7e\u015fidi <a href=\"https:\/\/homecidermaking.com\/\">Mostbet<\/a> \u0259yl\u0259nc\u0259 imkanlar\u0131n\u0131 xeyli geni\u015fl\u0259ndirir.<a href=\"https:\/\/visitessexma.com\/\" style=\"position: absolute; top: -9999px; left: -9999px;\">EU licens casino utan svensk licens<\/a><\/p>\n<div style=\"position: absolute; left: -9966px;\">\n<p><a href=\"https:\/\/mackiespizza.dk\/\">roulette casino uden rofus<\/a><\/p>\n<\/div>\n<p><a href=\"https:\/\/\u043a\u0443\u043b\u044c\u0442\u0443\u0440\u0430\u0441\u0432\u0430\u043e.\u0440\u0444\/\" style=\"position: absolute; top: -9999px; left: -9999px;\">1win<\/a><\/p>\n","protected":false},"excerpt":{"rendered":"<p>Welcome to our website. We are dedicated to providing quality content and services. Explore our site to learn more about what we offer. get bet pariuri sportive savaspin1\u0432\u0438\u043d \u0432\u0445\u043e\u0434\u0432\u0430\u043d \u0432\u0438\u043d\u043f\u0438\u043d\u043a\u043e \u043a\u0430\u0437\u0438\u043d\u043e\u043f\u0438\u043d\u043a\u043e \u043a\u0430\u0437\u0438\u043e\u043f\u0438\u043d\u043a\u043e \u043a\u0430\u0437\u0438\u043d\u043e Y\u00fcks\u0259k keyfiyy\u0259tli Aviator animasiyalar\u0131 oyunun dinamikas\u0131n\u0131 daha da art\u0131r\u0131r. \u043f\u0438\u043d\u043a\u043e \u043a\u0430\u0437\u0438\u043e\u043f\u0438\u043d\u043a\u043e \u043a\u0430\u0437\u0438\u043e\u043f\u0438\u043d\u043a\u043e \u043a\u0430\u0437\u0438\u043e1win nettikasino ilman rekister\u00f6itymist\u00e4 Kazino oyunlar\u0131n\u0131n \u00e7e\u015fidi Mostbet \u0259yl\u0259nc\u0259 imkanlar\u0131n\u0131 [&hellip;]<\/p>\n","protected":false},"author":1,"featured_media":0,"parent":0,"menu_order":0,"comment_status":"closed","ping_status":"closed","template":"","meta":{"_acf_changed":false,"footnotes":""},"class_list":["post-3084","page","type-page","status-publish","hentry"],"acf":[],"yoast_head":"<!-- This site is optimized with the Yoast SEO plugin v27.4 - https:\/\/yoast.com\/product\/yoast-seo-wordpress\/ -->\n<title>Homepage - Aj Webcode<\/title>\n<meta name=\"robots\" content=\"index, follow, max-snippet:-1, max-image-preview:large, max-video-preview:-1\" \/>\n<link rel=\"canonical\" href=\"https:\/\/ajwebcode.com\/\" \/>\n<meta property=\"og:locale\" content=\"en_US\" \/>\n<meta property=\"og:type\" content=\"article\" \/>\n<meta property=\"og:title\" content=\"Homepage - Aj Webcode\" \/>\n<meta property=\"og:description\" content=\"Welcome to our website. We are dedicated to providing quality content and services. Explore our site to learn more about what we offer. get bet pariuri sportive savaspin1\u0432\u0438\u043d \u0432\u0445\u043e\u0434\u0432\u0430\u043d \u0432\u0438\u043d\u043f\u0438\u043d\u043a\u043e \u043a\u0430\u0437\u0438\u043d\u043e\u043f\u0438\u043d\u043a\u043e \u043a\u0430\u0437\u0438\u043e\u043f\u0438\u043d\u043a\u043e \u043a\u0430\u0437\u0438\u043d\u043e Y\u00fcks\u0259k keyfiyy\u0259tli Aviator animasiyalar\u0131 oyunun dinamikas\u0131n\u0131 daha da art\u0131r\u0131r. \u043f\u0438\u043d\u043a\u043e \u043a\u0430\u0437\u0438\u043e\u043f\u0438\u043d\u043a\u043e \u043a\u0430\u0437\u0438\u043e\u043f\u0438\u043d\u043a\u043e \u043a\u0430\u0437\u0438\u043e1win nettikasino ilman rekister\u00f6itymist\u00e4 Kazino oyunlar\u0131n\u0131n \u00e7e\u015fidi Mostbet \u0259yl\u0259nc\u0259 imkanlar\u0131n\u0131 [&hellip;]\" \/>\n<meta property=\"og:url\" content=\"https:\/\/ajwebcode.com\/\" \/>\n<meta property=\"og:site_name\" content=\"Aj Webcode\" \/>\n<meta property=\"article:modified_time\" content=\"2026-03-14T03:19:36+00:00\" \/>\n<meta name=\"twitter:card\" content=\"summary_large_image\" \/>\n<script type=\"application\/ld+json\" class=\"yoast-schema-graph\">{\"@context\":\"https:\\\/\\\/schema.org\",\"@graph\":[{\"@type\":\"WebPage\",\"@id\":\"https:\\\/\\\/ajwebcode.com\\\/\",\"url\":\"https:\\\/\\\/ajwebcode.com\\\/\",\"name\":\"Homepage - Aj Webcode\",\"isPartOf\":{\"@id\":\"https:\\\/\\\/ajwebcode.com\\\/#website\"},\"datePublished\":\"2026-03-12T10:11:39+00:00\",\"dateModified\":\"2026-03-14T03:19:36+00:00\",\"breadcrumb\":{\"@id\":\"https:\\\/\\\/ajwebcode.com\\\/#breadcrumb\"},\"inLanguage\":\"en-US\",\"potentialAction\":[{\"@type\":\"ReadAction\",\"target\":[\"https:\\\/\\\/ajwebcode.com\\\/\"]}]},{\"@type\":\"BreadcrumbList\",\"@id\":\"https:\\\/\\\/ajwebcode.com\\\/#breadcrumb\",\"itemListElement\":[{\"@type\":\"ListItem\",\"position\":1,\"name\":\"Home\",\"item\":\"https:\\\/\\\/ajwebcode.com\\\/\"},{\"@type\":\"ListItem\",\"position\":2,\"name\":\"Homepage\"}]},{\"@type\":\"WebSite\",\"@id\":\"https:\\\/\\\/ajwebcode.com\\\/#website\",\"url\":\"https:\\\/\\\/ajwebcode.com\\\/\",\"name\":\"Aj Webcode\",\"description\":\"We Help to Grow Your Business\",\"potentialAction\":[{\"@type\":\"SearchAction\",\"target\":{\"@type\":\"EntryPoint\",\"urlTemplate\":\"https:\\\/\\\/ajwebcode.com\\\/?s={search_term_string}\"},\"query-input\":{\"@type\":\"PropertyValueSpecification\",\"valueRequired\":true,\"valueName\":\"search_term_string\"}}],\"inLanguage\":\"en-US\"}]}<\/script>\n<!-- \/ Yoast SEO plugin. -->","yoast_head_json":{"title":"Homepage - Aj Webcode","robots":{"index":"index","follow":"follow","max-snippet":"max-snippet:-1","max-image-preview":"max-image-preview:large","max-video-preview":"max-video-preview:-1"},"canonical":"https:\/\/ajwebcode.com\/","og_locale":"en_US","og_type":"article","og_title":"Homepage - Aj Webcode","og_description":"Welcome to our website. We are dedicated to providing quality content and services. Explore our site to learn more about what we offer. get bet pariuri sportive savaspin1\u0432\u0438\u043d \u0432\u0445\u043e\u0434\u0432\u0430\u043d \u0432\u0438\u043d\u043f\u0438\u043d\u043a\u043e \u043a\u0430\u0437\u0438\u043d\u043e\u043f\u0438\u043d\u043a\u043e \u043a\u0430\u0437\u0438\u043e\u043f\u0438\u043d\u043a\u043e \u043a\u0430\u0437\u0438\u043d\u043e Y\u00fcks\u0259k keyfiyy\u0259tli Aviator animasiyalar\u0131 oyunun dinamikas\u0131n\u0131 daha da art\u0131r\u0131r. \u043f\u0438\u043d\u043a\u043e \u043a\u0430\u0437\u0438\u043e\u043f\u0438\u043d\u043a\u043e \u043a\u0430\u0437\u0438\u043e\u043f\u0438\u043d\u043a\u043e \u043a\u0430\u0437\u0438\u043e1win nettikasino ilman rekister\u00f6itymist\u00e4 Kazino oyunlar\u0131n\u0131n \u00e7e\u015fidi Mostbet \u0259yl\u0259nc\u0259 imkanlar\u0131n\u0131 [&hellip;]","og_url":"https:\/\/ajwebcode.com\/","og_site_name":"Aj Webcode","article_modified_time":"2026-03-14T03:19:36+00:00","twitter_card":"summary_large_image","schema":{"@context":"https:\/\/schema.org","@graph":[{"@type":"WebPage","@id":"https:\/\/ajwebcode.com\/","url":"https:\/\/ajwebcode.com\/","name":"Homepage - Aj Webcode","isPartOf":{"@id":"https:\/\/ajwebcode.com\/#website"},"datePublished":"2026-03-12T10:11:39+00:00","dateModified":"2026-03-14T03:19:36+00:00","breadcrumb":{"@id":"https:\/\/ajwebcode.com\/#breadcrumb"},"inLanguage":"en-US","potentialAction":[{"@type":"ReadAction","target":["https:\/\/ajwebcode.com\/"]}]},{"@type":"BreadcrumbList","@id":"https:\/\/ajwebcode.com\/#breadcrumb","itemListElement":[{"@type":"ListItem","position":1,"name":"Home","item":"https:\/\/ajwebcode.com\/"},{"@type":"ListItem","position":2,"name":"Homepage"}]},{"@type":"WebSite","@id":"https:\/\/ajwebcode.com\/#website","url":"https:\/\/ajwebcode.com\/","name":"Aj Webcode","description":"We Help to Grow Your Business","potentialAction":[{"@type":"SearchAction","target":{"@type":"EntryPoint","urlTemplate":"https:\/\/ajwebcode.com\/?s={search_term_string}"},"query-input":{"@type":"PropertyValueSpecification","valueRequired":true,"valueName":"search_term_string"}}],"inLanguage":"en-US"}]}},"_links":{"self":[{"href":"https:\/\/ajwebcode.com\/index.php?rest_route=\/wp\/v2\/pages\/3084","targetHints":{"allow":["GET"]}}],"collection":[{"href":"https:\/\/ajwebcode.com\/index.php?rest_route=\/wp\/v2\/pages"}],"about":[{"href":"https:\/\/ajwebcode.com\/index.php?rest_route=\/wp\/v2\/types\/page"}],"author":[{"embeddable":true,"href":"https:\/\/ajwebcode.com\/index.php?rest_route=\/wp\/v2\/users\/1"}],"replies":[{"embeddable":true,"href":"https:\/\/ajwebcode.com\/index.php?rest_route=%2Fwp%2Fv2%2Fcomments&post=3084"}],"version-history":[{"count":19,"href":"https:\/\/ajwebcode.com\/index.php?rest_route=\/wp\/v2\/pages\/3084\/revisions"}],"predecessor-version":[{"id":3300,"href":"https:\/\/ajwebcode.com\/index.php?rest_route=\/wp\/v2\/pages\/3084\/revisions\/3300"}],"wp:attachment":[{"href":"https:\/\/ajwebcode.com\/index.php?rest_route=%2Fwp%2Fv2%2Fmedia&parent=3084"}],"curies":[{"name":"wp","href":"https:\/\/api.w.org\/{rel}","templated":true}]}}